{"id":29,"date":"2025-06-23T14:08:32","date_gmt":"2025-06-23T12:08:32","guid":{"rendered":"http:\/\/www.preprod.energiescenique.com\/?page_id=29"},"modified":"2025-09-24T15:19:24","modified_gmt":"2025-09-24T13:19:24","slug":"comment","status":"publish","type":"page","link":"https:\/\/energiescenique.com\/?page_id=29","title":{"rendered":"comment ?"},"content":{"rendered":"\t\t<div data-elementor-type=\"wp-page\" data-elementor-id=\"29\" class=\"elementor elementor-29\" data-elementor-post-type=\"page\">\n\t\t\t\t<div class=\"elementor-element elementor-element-2d287c4 e-con-full e-flex e-con e-parent\" data-id=\"2d287c4\" data-element_type=\"container\">\n\t\t\t\t<div class=\"elementor-element elementor-element-40a09e0 elementor-widget__width-inherit elementor-hidden-mobile elementor-widget elementor-widget-image\" data-id=\"40a09e0\" data-element_type=\"widget\" data-widget_type=\"image.default\">\n\t\t\t\t<div class=\"elementor-widget-container\">\n\t\t\t\t\t\t\t\t\t\t\t\t\t\t\t<img fetchpriority=\"high\" decoding=\"async\" width=\"425\" height=\"127\" src=\"https:\/\/energiescenique.com\/wp-content\/uploads\/2025\/07\/comment_1.webp\" class=\"attachment-full size-full wp-image-570\" alt=\"\" srcset=\"https:\/\/energiescenique.com\/wp-content\/uploads\/2025\/07\/comment_1.webp 425w, https:\/\/energiescenique.com\/wp-content\/uploads\/2025\/07\/comment_1-300x90.webp 300w\" sizes=\"(max-width: 425px) 100vw, 425px\" \/>\t\t\t\t\t\t\t\t\t\t\t\t\t\t\t<\/div>\n\t\t\t\t<\/div>\n\t\t\t\t<\/div>\n\t\t<div class=\"elementor-element elementor-element-03544eb e-flex e-con-boxed e-con e-parent\" data-id=\"03544eb\" data-element_type=\"container\">\n\t\t\t\t\t<div class=\"e-con-inner\">\n\t\t\t\t<div class=\"elementor-element elementor-element-b6670ce elementor-hidden-mobile elementor-widget elementor-widget-spacer\" data-id=\"b6670ce\" data-element_type=\"widget\" data-widget_type=\"spacer.default\">\n\t\t\t\t<div class=\"elementor-widget-container\">\n\t\t\t\t\t\t\t<div class=\"elementor-spacer\">\n\t\t\t<div class=\"elementor-spacer-inner\"><\/div>\n\t\t<\/div>\n\t\t\t\t\t\t<\/div>\n\t\t\t\t<\/div>\n\t\t\t\t\t<\/div>\n\t\t\t\t<\/div>\n\t\t<div class=\"elementor-element elementor-element-b1d2b0b elementor-hidden-mobile e-flex e-con-boxed e-con e-parent\" data-id=\"b1d2b0b\" data-element_type=\"container\">\n\t\t\t\t\t<div class=\"e-con-inner\">\n\t\t\t\t<div class=\"elementor-element elementor-element-d5e8a2c elementor-widget elementor-widget-spacer\" data-id=\"d5e8a2c\" data-element_type=\"widget\" data-widget_type=\"spacer.default\">\n\t\t\t\t<div class=\"elementor-widget-container\">\n\t\t\t\t\t\t\t<div class=\"elementor-spacer\">\n\t\t\t<div class=\"elementor-spacer-inner\"><\/div>\n\t\t<\/div>\n\t\t\t\t\t\t<\/div>\n\t\t\t\t<\/div>\n\t\t\t\t\t<\/div>\n\t\t\t\t<\/div>\n\t\t<div class=\"elementor-element elementor-element-ba0fa0e e-flex e-con-boxed e-con e-parent\" data-id=\"ba0fa0e\" data-element_type=\"container\">\n\t\t\t\t\t<div class=\"e-con-inner\">\n\t\t<div class=\"elementor-element elementor-element-e21ada6 e-con-full e-flex e-con e-child\" data-id=\"e21ada6\" data-element_type=\"container\">\n\t\t\t\t<div class=\"elementor-element elementor-element-d3175c5 elementor-widget__width-initial elementor-hidden-mobile elementor-widget elementor-widget-image\" data-id=\"d3175c5\" data-element_type=\"widget\" data-widget_type=\"image.default\">\n\t\t\t\t<div class=\"elementor-widget-container\">\n\t\t\t\t\t\t\t\t\t\t\t\t\t\t\t<img decoding=\"async\" width=\"800\" height=\"441\" src=\"https:\/\/energiescenique.com\/wp-content\/uploads\/2025\/07\/cercle_2-1024x565.webp\" class=\"attachment-large size-large wp-image-1085\" alt=\"\" srcset=\"https:\/\/energiescenique.com\/wp-content\/uploads\/2025\/07\/cercle_2-1024x565.webp 1024w, https:\/\/energiescenique.com\/wp-content\/uploads\/2025\/07\/cercle_2-300x166.webp 300w, https:\/\/energiescenique.com\/wp-content\/uploads\/2025\/07\/cercle_2-768x424.webp 768w, https:\/\/energiescenique.com\/wp-content\/uploads\/2025\/07\/cercle_2.webp 1065w\" sizes=\"(max-width: 800px) 100vw, 800px\" \/>\t\t\t\t\t\t\t\t\t\t\t\t\t\t\t<\/div>\n\t\t\t\t<\/div>\n\t\t\t\t<\/div>\n\t\t<div class=\"elementor-element elementor-element-5e95ded e-con-full e-flex e-con e-child\" data-id=\"5e95ded\" data-element_type=\"container\">\n\t\t<div class=\"elementor-element elementor-element-4bff116 e-con-full elementor-hidden-mobile e-flex e-con e-child\" data-id=\"4bff116\" data-element_type=\"container\">\n\t\t\t\t<div class=\"elementor-element elementor-element-58838db elementor-widget elementor-widget-image\" data-id=\"58838db\" data-element_type=\"widget\" data-widget_type=\"image.default\">\n\t\t\t\t<div class=\"elementor-widget-container\">\n\t\t\t\t\t\t\t\t\t\t\t\t\t\t\t<img decoding=\"async\" width=\"501\" height=\"117\" src=\"https:\/\/energiescenique.com\/wp-content\/uploads\/2025\/07\/formations.webp\" class=\"attachment-full size-full wp-image-616\" alt=\"\" srcset=\"https:\/\/energiescenique.com\/wp-content\/uploads\/2025\/07\/formations.webp 501w, https:\/\/energiescenique.com\/wp-content\/uploads\/2025\/07\/formations-300x70.webp 300w\" sizes=\"(max-width: 501px) 100vw, 501px\" \/>\t\t\t\t\t\t\t\t\t\t\t\t\t\t\t<\/div>\n\t\t\t\t<\/div>\n\t\t\t\t<\/div>\n\t\t<div class=\"elementor-element elementor-element-c7babe8 e-con-full e-flex e-con e-child\" data-id=\"c7babe8\" data-element_type=\"container\">\n\t\t\t\t<div class=\"elementor-element elementor-element-88826a0 elementor-widget__width-initial elementor-hidden-mobile elementor-widget elementor-widget-heading\" data-id=\"88826a0\" data-element_type=\"widget\" data-widget_type=\"heading.default\">\n\t\t\t\t<div class=\"elementor-widget-container\">\n\t\t\t\t\t<h2 class=\"elementor-heading-title elementor-size-default\">Form\u00e9e en acting \u00e0 l'EICAR \u00e0 Paris, j'encha\u00eene avec le Studio Muller,\n<p>\n puis la VAZQUEZ Acting School \u00e0 New York me r\u00e9v\u00e8le enfin les clefs Stanislavskiennes. \n<p>\nEn 2012, je me rapproche de l'organique avec une premi\u00e8re formation de formateur, les outils corporels au service de l'artiste p\u00e9dagogue, Feldenkrais, Alexander et Zazen deviendront mes ma\u00eetres mots. \n<p>\nEn 2014, je r\u00e9unis l'art et la psychologie apr\u00e8s une formation en TCC, Master Coach \u00e0 l'Institut de Coaching International de Gen\u00e8ve. Les pratiques d'\u00e9ducation populaire, de la voix parl\u00e9e et du mouvement viendront renforcer une base d\u00e9j\u00e0 bien solide. \n<p>\nEn 2018, je creuse la mise en sc\u00e8ne aupr\u00e8s de l'acad\u00e9mie Charles Dullin, j'y reviendrai pour m'int\u00e9resser \u00e0 la production pour le spectacle vivant. Derni\u00e8rement le cirque et la haute voltige entrent dans ma vie. Elle renforce le mental, le corporel, et mon esprit collectif. \n<p>\nEt parce qu'\u00e0 chasser le naturel il revient au galop, je retourne \u00e0 la musique en 2025 avec une formation rythmique et vocale en hip-hop au Jam de Montpellier.<\/h2>\t\t\t\t<\/div>\n\t\t\t\t<\/div>\n\t\t\t\t<\/div>\n\t\t\t\t<\/div>\n\t\t\t\t\t<\/div>\n\t\t\t\t<\/div>\n\t\t<div class=\"elementor-element elementor-element-1a161bb elementor-hidden-mobile e-flex e-con-boxed e-con e-parent\" data-id=\"1a161bb\" data-element_type=\"container\">\n\t\t\t\t\t<div class=\"e-con-inner\">\n\t\t\t\t<div class=\"elementor-element elementor-element-56d6c9a elementor-widget elementor-widget-spacer\" data-id=\"56d6c9a\" data-element_type=\"widget\" data-widget_type=\"spacer.default\">\n\t\t\t\t<div class=\"elementor-widget-container\">\n\t\t\t\t\t\t\t<div class=\"elementor-spacer\">\n\t\t\t<div class=\"elementor-spacer-inner\"><\/div>\n\t\t<\/div>\n\t\t\t\t\t\t<\/div>\n\t\t\t\t<\/div>\n\t\t\t\t\t<\/div>\n\t\t\t\t<\/div>\n\t\t<div class=\"elementor-element elementor-element-24f8dc5 elementor-hidden-mobile e-flex e-con-boxed e-con e-parent\" data-id=\"24f8dc5\" data-element_type=\"container\">\n\t\t\t\t\t<div class=\"e-con-inner\">\n\t\t\t\t\t<\/div>\n\t\t\t\t<\/div>\n\t\t<div class=\"elementor-element elementor-element-dad8b96 elementor-hidden-mobile e-flex e-con-boxed elementor-invisible e-con e-parent\" data-id=\"dad8b96\" data-element_type=\"container\" data-settings=\"{&quot;background_background&quot;:&quot;classic&quot;,&quot;background_motion_fx_motion_fx_mouse&quot;:&quot;yes&quot;,&quot;background_motion_fx_mouseTrack_effect&quot;:&quot;yes&quot;,&quot;background_motion_fx_mouseTrack_direction&quot;:&quot;negative&quot;,&quot;background_motion_fx_mouseTrack_speed&quot;:{&quot;unit&quot;:&quot;px&quot;,&quot;size&quot;:4.5,&quot;sizes&quot;:[]},&quot;animation&quot;:&quot;fadeInUp&quot;}\">\n\t\t\t\t\t<div class=\"e-con-inner\">\n\t\t\t\t<div class=\"elementor-element elementor-element-29cacac elementor-hidden-mobile elementor-widget elementor-widget-image\" data-id=\"29cacac\" data-element_type=\"widget\" data-widget_type=\"image.default\">\n\t\t\t\t<div class=\"elementor-widget-container\">\n\t\t\t\t\t\t\t\t\t\t\t\t\t\t\t<img loading=\"lazy\" decoding=\"async\" width=\"777\" height=\"80\" src=\"https:\/\/energiescenique.com\/wp-content\/uploads\/2025\/07\/compe.webp\" class=\"attachment-full size-full wp-image-748\" alt=\"\" srcset=\"https:\/\/energiescenique.com\/wp-content\/uploads\/2025\/07\/compe.webp 777w, https:\/\/energiescenique.com\/wp-content\/uploads\/2025\/07\/compe-300x31.webp 300w, https:\/\/energiescenique.com\/wp-content\/uploads\/2025\/07\/compe-768x79.webp 768w\" sizes=\"(max-width: 777px) 100vw, 777px\" \/>\t\t\t\t\t\t\t\t\t\t\t\t\t\t\t<\/div>\n\t\t\t\t<\/div>\n\t\t\t\t<div class=\"elementor-element elementor-element-5128956 elementor-hidden-mobile elementor-widget elementor-widget-image\" data-id=\"5128956\" data-element_type=\"widget\" data-settings=\"{&quot;motion_fx_motion_fx_mouse&quot;:&quot;yes&quot;}\" data-widget_type=\"image.default\">\n\t\t\t\t<div class=\"elementor-widget-container\">\n\t\t\t\t\t\t\t\t\t\t\t\t\t\t\t<img loading=\"lazy\" decoding=\"async\" width=\"2560\" height=\"901\" src=\"https:\/\/energiescenique.com\/wp-content\/uploads\/2025\/07\/compe_1-scaled.webp\" class=\"attachment-full size-full wp-image-2040\" alt=\"\" srcset=\"https:\/\/energiescenique.com\/wp-content\/uploads\/2025\/07\/compe_1-scaled.webp 2560w, https:\/\/energiescenique.com\/wp-content\/uploads\/2025\/07\/compe_1-300x106.webp 300w, https:\/\/energiescenique.com\/wp-content\/uploads\/2025\/07\/compe_1-1024x360.webp 1024w, https:\/\/energiescenique.com\/wp-content\/uploads\/2025\/07\/compe_1-768x270.webp 768w, https:\/\/energiescenique.com\/wp-content\/uploads\/2025\/07\/compe_1-1536x540.webp 1536w, https:\/\/energiescenique.com\/wp-content\/uploads\/2025\/07\/compe_1-2048x720.webp 2048w\" sizes=\"(max-width: 2560px) 100vw, 2560px\" \/>\t\t\t\t\t\t\t\t\t\t\t\t\t\t\t<\/div>\n\t\t\t\t<\/div>\n\t\t\t\t\t<\/div>\n\t\t\t\t<\/div>\n\t\t<div class=\"elementor-element elementor-element-75252c3 e-flex e-con-boxed e-con e-parent\" data-id=\"75252c3\" data-element_type=\"container\">\n\t\t\t\t\t<div class=\"e-con-inner\">\n\t\t\t\t<div class=\"elementor-element elementor-element-536d3f7 elementor-hidden-mobile elementor-widget elementor-widget-spacer\" data-id=\"536d3f7\" data-element_type=\"widget\" data-widget_type=\"spacer.default\">\n\t\t\t\t<div class=\"elementor-widget-container\">\n\t\t\t\t\t\t\t<div class=\"elementor-spacer\">\n\t\t\t<div class=\"elementor-spacer-inner\"><\/div>\n\t\t<\/div>\n\t\t\t\t\t\t<\/div>\n\t\t\t\t<\/div>\n\t\t\t\t<div class=\"elementor-element elementor-element-d63c030 elementor-hidden-mobile elementor-widget elementor-widget-image\" data-id=\"d63c030\" data-element_type=\"widget\" data-widget_type=\"image.default\">\n\t\t\t\t<div class=\"elementor-widget-container\">\n\t\t\t\t\t\t\t\t\t\t\t\t\t\t\t<img loading=\"lazy\" decoding=\"async\" width=\"422\" height=\"187\" src=\"https:\/\/energiescenique.com\/wp-content\/uploads\/2025\/06\/logo-violet.webp\" class=\"attachment-large size-large wp-image-543\" alt=\"\" srcset=\"https:\/\/energiescenique.com\/wp-content\/uploads\/2025\/06\/logo-violet.webp 422w, https:\/\/energiescenique.com\/wp-content\/uploads\/2025\/06\/logo-violet-300x133.webp 300w\" sizes=\"(max-width: 422px) 100vw, 422px\" \/>\t\t\t\t\t\t\t\t\t\t\t\t\t\t\t<\/div>\n\t\t\t\t<\/div>\n\t\t\t\t\t<\/div>\n\t\t\t\t<\/div>\n\t\t<div class=\"elementor-element elementor-element-26db76d e-flex e-con-boxed e-con e-parent\" data-id=\"26db76d\" data-element_type=\"container\">\n\t\t\t\t\t<div class=\"e-con-inner\">\n\t\t\t\t<div class=\"elementor-element elementor-element-74de8e4 elementor-widget__width-inherit elementor-hidden-desktop elementor-widget elementor-widget-image\" data-id=\"74de8e4\" data-element_type=\"widget\" data-widget_type=\"image.default\">\n\t\t\t\t<div class=\"elementor-widget-container\">\n\t\t\t\t\t\t\t\t\t\t\t\t\t\t\t<img fetchpriority=\"high\" decoding=\"async\" width=\"425\" height=\"127\" src=\"https:\/\/energiescenique.com\/wp-content\/uploads\/2025\/07\/comment_1.webp\" class=\"attachment-full size-full wp-image-570\" alt=\"\" srcset=\"https:\/\/energiescenique.com\/wp-content\/uploads\/2025\/07\/comment_1.webp 425w, https:\/\/energiescenique.com\/wp-content\/uploads\/2025\/07\/comment_1-300x90.webp 300w\" sizes=\"(max-width: 425px) 100vw, 425px\" \/>\t\t\t\t\t\t\t\t\t\t\t\t\t\t\t<\/div>\n\t\t\t\t<\/div>\n\t\t\t\t\t<\/div>\n\t\t\t\t<\/div>\n\t\t<div class=\"elementor-element elementor-element-fde036c e-flex e-con-boxed e-con e-parent\" data-id=\"fde036c\" data-element_type=\"container\">\n\t\t\t\t\t<div class=\"e-con-inner\">\n\t\t<div class=\"elementor-element elementor-element-11cd34e e-con-full elementor-hidden-desktop e-flex e-con e-child\" data-id=\"11cd34e\" data-element_type=\"container\">\n\t\t\t\t<div class=\"elementor-element elementor-element-3a6e539 elementor-hidden-desktop elementor-widget elementor-widget-spacer\" data-id=\"3a6e539\" data-element_type=\"widget\" data-widget_type=\"spacer.default\">\n\t\t\t\t<div class=\"elementor-widget-container\">\n\t\t\t\t\t\t\t<div class=\"elementor-spacer\">\n\t\t\t<div class=\"elementor-spacer-inner\"><\/div>\n\t\t<\/div>\n\t\t\t\t\t\t<\/div>\n\t\t\t\t<\/div>\n\t\t\t\t<div class=\"elementor-element elementor-element-36fcad9 elementor-widget elementor-widget-image\" data-id=\"36fcad9\" data-element_type=\"widget\" data-widget_type=\"image.default\">\n\t\t\t\t<div class=\"elementor-widget-container\">\n\t\t\t\t\t\t\t\t\t\t\t\t\t\t\t<img decoding=\"async\" width=\"501\" height=\"117\" src=\"https:\/\/energiescenique.com\/wp-content\/uploads\/2025\/07\/formations.webp\" class=\"attachment-full size-full wp-image-616\" alt=\"\" srcset=\"https:\/\/energiescenique.com\/wp-content\/uploads\/2025\/07\/formations.webp 501w, https:\/\/energiescenique.com\/wp-content\/uploads\/2025\/07\/formations-300x70.webp 300w\" sizes=\"(max-width: 501px) 100vw, 501px\" \/>\t\t\t\t\t\t\t\t\t\t\t\t\t\t\t<\/div>\n\t\t\t\t<\/div>\n\t\t\t\t<\/div>\n\t\t<div class=\"elementor-element elementor-element-a5fe2f8 e-con-full e-flex e-con e-child\" data-id=\"a5fe2f8\" data-element_type=\"container\">\n\t\t\t\t<div class=\"elementor-element elementor-element-7306eeb elementor-widget__width-initial elementor-widget-mobile__width-inherit elementor-hidden-desktop elementor-widget elementor-widget-heading\" data-id=\"7306eeb\" data-element_type=\"widget\" data-widget_type=\"heading.default\">\n\t\t\t\t<div class=\"elementor-widget-container\">\n\t\t\t\t\t<h2 class=\"elementor-heading-title elementor-size-default\">Form\u00e9e en acting \u00e0 l'EICAR \u00e0 Paris, j'encha\u00eene avec le Studio Muller,\n<p>\n puis la VAZQUEZ Acting School \u00e0 New York me r\u00e9v\u00e8le enfin les clefs stanislaskiennes. \n<p>\nEn 2012, je me rapproche de l'organique avec une premi\u00e8re formation de formateurs, les outils corporels au service de l'artiste p\u00e9dagogue, Feldenkrais Alexander et Zazen deviendront mes ma\u00eetres mots. \n<p>\nEn 2014, je r\u00e9unis l'art et la psychologie apr\u00e8s une formation en TCC, Master Coach \u00e0 l'Institut de Coaching International de Gen\u00e8ve. Les pratiques d'\u00e9ducation populaire de la voix parl\u00e9e et du mouvement viendront renforcer une base d\u00e9j\u00e0 bien solide. \n<p>\nEn 2018, je creuse la mise en sc\u00e8ne aupr\u00e8s de l'acad\u00e9mie Charles Dullin, j'y reviendrai pour m'int\u00e9resser \u00e0 la production au spectacle vivant. Derni\u00e8rement le cirque et la haute voltige entrent dans ma vie. Elle renforce le mental, le corporel, et mon esprit collectif. \n<p>\nEt parce qu'\u00e0 chasser le naturel il revient au galop, je retourne \u00e0 la musique en 2025 avec une formation rythmique et vocale en hip-hop au Jam de Montpellier.<\/h2>\t\t\t\t<\/div>\n\t\t\t\t<\/div>\n\t\t\t\t<\/div>\n\t\t\t\t\t<\/div>\n\t\t\t\t<\/div>\n\t\t<div class=\"elementor-element elementor-element-22e44ee elementor-hidden-desktop e-flex e-con-boxed e-con e-parent\" data-id=\"22e44ee\" data-element_type=\"container\">\n\t\t\t\t\t<div class=\"e-con-inner\">\n\t\t<div class=\"elementor-element elementor-element-72542d6 e-con-full elementor-hidden-desktop e-flex e-con e-child\" data-id=\"72542d6\" data-element_type=\"container\">\n\t\t\t\t<div class=\"elementor-element elementor-element-dfc5abf elementor-widget__width-initial elementor-hidden-desktop elementor-widget elementor-widget-image\" data-id=\"dfc5abf\" data-element_type=\"widget\" data-widget_type=\"image.default\">\n\t\t\t\t<div class=\"elementor-widget-container\">\n\t\t\t\t\t\t\t\t\t\t\t\t\t\t\t<img decoding=\"async\" width=\"800\" height=\"441\" src=\"https:\/\/energiescenique.com\/wp-content\/uploads\/2025\/07\/cercle_2-1024x565.webp\" class=\"attachment-large size-large wp-image-1085\" alt=\"\" srcset=\"https:\/\/energiescenique.com\/wp-content\/uploads\/2025\/07\/cercle_2-1024x565.webp 1024w, https:\/\/energiescenique.com\/wp-content\/uploads\/2025\/07\/cercle_2-300x166.webp 300w, https:\/\/energiescenique.com\/wp-content\/uploads\/2025\/07\/cercle_2-768x424.webp 768w, https:\/\/energiescenique.com\/wp-content\/uploads\/2025\/07\/cercle_2.webp 1065w\" sizes=\"(max-width: 800px) 100vw, 800px\" \/>\t\t\t\t\t\t\t\t\t\t\t\t\t\t\t<\/div>\n\t\t\t\t<\/div>\n\t\t\t\t<\/div>\n\t\t\t\t\t<\/div>\n\t\t\t\t<\/div>\n\t\t<div class=\"elementor-element elementor-element-b2e70c2 e-flex e-con-boxed e-con e-parent\" data-id=\"b2e70c2\" data-element_type=\"container\">\n\t\t\t\t\t<div class=\"e-con-inner\">\n\t\t\t\t<div class=\"elementor-element elementor-element-5d468f8 elementor-hidden-desktop elementor-widget elementor-widget-image\" data-id=\"5d468f8\" data-element_type=\"widget\" data-widget_type=\"image.default\">\n\t\t\t\t<div class=\"elementor-widget-container\">\n\t\t\t\t\t\t\t\t\t\t\t\t\t\t\t<img loading=\"lazy\" decoding=\"async\" width=\"800\" height=\"787\" src=\"https:\/\/energiescenique.com\/wp-content\/uploads\/2025\/07\/outils-1024x1007.webp\" class=\"attachment-large size-large wp-image-676\" alt=\"\" srcset=\"https:\/\/energiescenique.com\/wp-content\/uploads\/2025\/07\/outils-1024x1007.webp 1024w, https:\/\/energiescenique.com\/wp-content\/uploads\/2025\/07\/outils-300x295.webp 300w, https:\/\/energiescenique.com\/wp-content\/uploads\/2025\/07\/outils-768x755.webp 768w, https:\/\/energiescenique.com\/wp-content\/uploads\/2025\/07\/outils-1536x1511.webp 1536w, https:\/\/energiescenique.com\/wp-content\/uploads\/2025\/07\/outils.webp 1943w\" sizes=\"(max-width: 800px) 100vw, 800px\" \/>\t\t\t\t\t\t\t\t\t\t\t\t\t\t\t<\/div>\n\t\t\t\t<\/div>\n\t\t\t\t\t<\/div>\n\t\t\t\t<\/div>\n\t\t\t\t<\/div>\n\t\t","protected":false},"excerpt":{"rendered":"<p>Form\u00e9e en acting \u00e0 l&rsquo;EICAR \u00e0 Paris, j&rsquo;encha\u00eene avec le Studio Muller, puis la VAZQUEZ Acting School \u00e0 New York me r\u00e9v\u00e8le enfin les clefs Stanislavskiennes. En 2012, je me rapproche de l&rsquo;organique avec une premi\u00e8re formation de formateur, les outils corporels au service de l&rsquo;artiste p\u00e9dagogue, Feldenkrais, Alexander et Zazen deviendront mes ma\u00eetres mots. [&hellip;]<\/p>\n","protected":false},"author":1,"featured_media":0,"parent":0,"menu_order":0,"comment_status":"closed","ping_status":"closed","template":"","meta":{"footnotes":""},"class_list":["post-29","page","type-page","status-publish","hentry"],"_links":{"self":[{"href":"https:\/\/energiescenique.com\/index.php?rest_route=\/wp\/v2\/pages\/29","targetHints":{"allow":["GET"]}}],"collection":[{"href":"https:\/\/energiescenique.com\/index.php?rest_route=\/wp\/v2\/pages"}],"about":[{"href":"https:\/\/energiescenique.com\/index.php?rest_route=\/wp\/v2\/types\/page"}],"author":[{"embeddable":true,"href":"https:\/\/energiescenique.com\/index.php?rest_route=\/wp\/v2\/users\/1"}],"replies":[{"embeddable":true,"href":"https:\/\/energiescenique.com\/index.php?rest_route=%2Fwp%2Fv2%2Fcomments&post=29"}],"version-history":[{"count":385,"href":"https:\/\/energiescenique.com\/index.php?rest_route=\/wp\/v2\/pages\/29\/revisions"}],"predecessor-version":[{"id":2204,"href":"https:\/\/energiescenique.com\/index.php?rest_route=\/wp\/v2\/pages\/29\/revisions\/2204"}],"wp:attachment":[{"href":"https:\/\/energiescenique.com\/index.php?rest_route=%2Fwp%2Fv2%2Fmedia&parent=29"}],"curies":[{"name":"wp","href":"https:\/\/api.w.org\/{rel}","templated":true}]}}